589?
8
What is the ten thousands digit of 48869?
4
What is the tens digit of 52985?
8
What is the ten thousands digit of 1225875?
2
What is the thousands digit of 88046?
8
What is the hundred thousands digit of 217113?
2
What is the hundreds digit of 90459?
4
What is the tens digit of 273385?
8
What is the ten millions digit of 28786150?
2
What is the millions digit of 1168919?
1
What is the tens digit of 3704571?
7
What is the millions digit of 1997315?
1
What is the ten thousands digit of 16139138?
3
What is the ten thousands digit of 40832?
4
What is the units digit of 118119?
9
What is the hundred thousands digit of 668690?
6
What is the ten thousands digit of 59035?
5
What is the thousands digit of 831244?
1
What is the thousands digit of 305154?
5
What is the millions digit of 7058923?
7
What is the units digit of 1273277?
7
What is the units digit of 4351063?
3
What is the hundreds digit of 1164236?
2
What is the hundreds digit of 2698582?
5
What is the hundred thousands digit of 3884566?
8
What is the hundreds digit of 12318475?
4
What is the tens digit of 79801?
0
What is the hundred thousands digit of 1790730?
7
What is the tens digit of 3302515?
1
What is the hundreds digit of 241036?
0
What is the thousands digit of 19215?
9
What is the tens digit of 785056?
5
What is the tens digit of 27593?
9
What is the hundreds digit of 4363457?
4
What is the tens digit of 834113?
1
What is the tens digit of 2370519?
1
What is the tens digit of 643756?
5
What is the units digit of 261816?
6
What is the thousands digit of 3655194?
5
What is the tens digit of 18798777?
7
What is the hundreds digit of 5028406?
4
What is the hundred thousands digit of 138540?
1
What is the ten thousands digit of 249937?
4
What is the thousands digit of 2588344?
8
What is the tens digit of 783285?
8
What is the tens digit of 23989321?
2
What is the thousands digit of 5845698?
5
What is the ten thousands digit of 444721?
4
What is the thousands digit of 69222?
9
What is the tens digit of 252463?
6
What is the ten thousands digit of 1572890?
7
What is the hundreds digit of 273524?
5
What is the hundreds digit of 35923133?
1
What is the hundreds digit of 309060?
0
What is the ten thousands digit of 565054?
6
What is the units digit of 137634?
4
What is the units digit of 178769?
9
What is the tens digit of 1490876?
7
What is the tens digit of 90076?
7
What is the thousands digit of 34635?
4
What is the hundreds digit of 28499?
4
What is the hundred thousands digit of 344749?
3
What is the units digit of 4868563?
3
What is the units digit of 139318?
8
What is the hundred thousands digit of 3379752?
3
What is the hundred thousands digit of 895026?
8
What is the ten thousands digit of 1225186?
2
What is the thousands digit of 609711?
9
What is the hundreds digit of 174411?
4
What is the thousands digit of 6975501?
5
What is the hundred thousands digit of 3516169?
5
What is the tens digit of 843872?
7
What is the thousands digit of 22086358?
6
What is the thousands digit of 378974?
8
What is the ten thousands digit of 7635509?
3
What is the hundreds digit of 61378?
3
What is the ten thousands digit of 647920?
4
What is the hundred thousands digit of 2209924?
2
What is the ten thousands digit of 235923?
3
What is the ten thousands digit of 2562742?
6
What is the hundred thousands digit of 842071?
8
What is the units digit of 617513?
3
What is the ten thousands digit of 12522985?
2
What is the thousands digit of 2745149?
5
What is the hundreds digit of 104137?
1
What is the ten thousands digit of 9492641?
9
What is the ten thousands digit of 3163707?
6
What is the hundreds digit of 237640?
6
What is the tens digit of 806146?
4
What is the tens digit of 186312?
1
What is the hundred thousands digit of 2291692?
2
What is the units digit of 229364?
4
What is the hundred thousands digit of 234191?
2
What is the hundred thousands digit of 8723100?
7
What is the tens digit of 441412?
1
What is the hundreds digit of 19756092?
0
What is the units digit of 58000?
0
What is the hundreds digit of 1044537?
5
What is the ten thousands digit of 384306?
8
What is the hundreds digit of 7363882?
8
What is the hundred thousands digit of 338222?
3
What is the hundred thousands digit of 23389281?
3
What is the units digit of 5407260?
0
What is the units digit of 1720636?
6
What is the tens digit of 491357?
5
What is the millions digit of 1733143?
1
What is the ten thousands digit of 454006?
5
What is the ten thousands digit of 4274583?
7
What is the units digit of 117799?
9
What is the tens digit of 4676572?
7
What is the ten thousands digit of 632858?
3
What is the hundreds digit of 1700704?
7
What is the ten thousands digit of 6720356?
2
What is the tens digit of 332540?
4
What is the units digit of 43354?
4
What is the hundred thousands digit of 3293403?
2
What is the thousands digit of 5210940?
0
What is the units digit of 13710036?
6
What is the thousands digit of 606942?
6
What is the hundreds digit of 468548?
5
What is the thousands digit of 367582?
7
What is the thousands digit of 621424?
1
What is the tens digit of 138600?
0
What is the units digit of 18704?
4
What is the units digit of 6320249?
9
What is the units digit of 15733294?
4
What is the ten thousands digit of 8207082?
0
What is the hundred thousands digit of 734542?
7
What is the millions digit of 6115733?
6
What is the ten thousands digit of 4577238?
7
What is the ten thousands digit of 1515973?
1
What is the ten thousands digit of 1121466?
2
What is the tens digit of 2888153?
5
What is the hundred thousands digit of 365651?
3
What is the hundred thousands digit of 18181797?
1
What is the hundred thousands digit of 2285937?
2
What is the tens digit of 738848?
4
What is the hundred thousands digit of 5707350?
7
What is the ten millions digit of 13194052?
1
What is the thousands digit of 6361061?
1
What is the millions digit of 4677300?
4
What is the hundred thousands digit of 165649?
1
What is the tens digit of 6633?
3
What is the ten thousands digit of 1503849?
0
What is the ten thousands digit of 49693?
4
What is the hundred thousands digit of 683833?
6
What is the units digit of 244?
4
What is the tens digit of 910201?
0
What is the thousands digit of 373460?
3
What is the tens digit of 601046?
4
What is the ten thousands digit of 247485?
4
What is the ten thousands digit of 1948936?
4
What is the hundred thousands digit of 176521?
1
What is the tens digit of 16849415?
1
What is the thousands digit of 2926680?
6
What is the ten thousands digit of 269217?
6
What is the ten thousands digit of 17011230?
1
What is the hundred thousands digit of 168200?
1
What is the tens digit of 22026766?
6
What is the ten millions digit of 25113766?
2
What is the thousands digit of 5275341?
5
What is the thousands digit of 4548986?
8
What is the ten thousands digit of 306691?
0
What is the thousands digit of 11407772?
7
What is the hundred thousands digit of 283754?
2
What is the thousands digit of 38738?
8
What is the ten thousands digit of 382388?
8
What is the hundreds digit of 128852?
8
What is the millions digit of 4805788?
4
What is the millions digit of 11063252?
1
What is the units digit of 577033?
3
What is the tens digit of 2468406?
0
What is the tens digit of 41456?
5
What is the thousands digit of 142527?
2
What is the hundred thousands digit of 8153800?
1
What is the ten thousands digit of 45781?
4
What is the ten thousands digit of 131820?
3
What is the hundreds digit of 998369?
3
What is the tens digit of 155106?
0
What is the hundreds digit of 175143?
1
What is the thousands digit of 25005?
5
What is the hundred thousands digit of 944505?
9
What is the ten thousands digit of 465466?
6
What is the ten millions digit of 33848392?
3
What is the hundred thousands digit of 13070112?
0
What is the ten millions digit of 11613833?
1
What is the ten thousands digit of 1104478?
0
What is the tens digit of 5151801?
0
What is the units digit of 419217?
7
What is the tens digit of 3639442?
4
What is the ten thousands digit of 62561?
6
What is the tens digit of 348166?
6
What is the ten thousands digit of 599782?
9
What is the thousands digit of 19673963?
3
What is the thousands digit of 3551252?
1
What is the tens digit of 686819?
1